{"id":273,"date":"2017-06-23T14:36:21","date_gmt":"2017-06-23T14:36:21","guid":{"rendered":"https:\/\/gravidezprecoce.ao\/?page_id=273"},"modified":"2025-10-14T15:47:48","modified_gmt":"2025-10-14T15:47:48","slug":"programs","status":"publish","type":"page","link":"https:\/\/gravidezprecoce.ao\/?page_id=273","title":{"rendered":"Parceiros"},"content":{"rendered":"<div class=\"wpb-content-wrapper\"><p>[vc_row][vc_column][vc_empty_space alter_height=&#8221;huge&#8221; hide_on_mobile=&#8221;&#8221; css=&#8221;.vc_custom_1502612032792{margin-top: 1.75rem !important;}&#8221;]<div id=\"sc_title_952698960\"\n\t\tclass=\"sc_title color_style_default sc_title_default\"><h4 class=\"sc_item_title sc_title_title sc_align_center sc_item_title_style_default sc_item_title_tag\">Os nossos parceiros<\/h4><h6 class=\"sc_item_subtitle sc_title_subtitle sc_align_center sc_item_title_style_default\">Porque ningu\u00e9m faz nada sozinho, est\u00e3o connosco algumas das maiores e mais importantes entidades, institui\u00e7\u00f5es e empresas do pa\u00eds.<\/h6><div class=\"sc_item_descr sc_title_descr sc_align_center\"><p>Governo Provincial de Benguela<br \/>\nDiocese de Benguela<br \/>\nGrupo Eventos Arena<br \/>\nCaminhos de Ferro de Benguela<br \/>\nGrupo LS Republicano<br \/>\nPorto do Lobito<br \/>\nGrupo Tombosy<br \/>\nWiliete Cr\u00e9dito<br \/>\nAlonso & Alonso<br \/>\nUnitel<br \/>\nInstituto T\u00e9cnico de Administra\u00e7\u00e3o e Servi\u00e7os<br \/>\nComandante Kassanji<\/p>\n<\/div><\/div><!-- \/.sc_title -->[vc_empty_space alter_height=&#8221;huge&#8221; hide_on_mobile=&#8221;&#8221;][\/vc_column][\/vc_row][vc_row full_width=&#8221;stretch_row&#8221; css=&#8221;.vc_custom_1760450923521{background-image: url(https:\/\/gravidezprecoce.ao\/wp-content\/uploads\/2025\/10\/Novo-Projeto-scaled.webp?id=1763) !important;background-position: center !important;background-repeat: no-repeat !important;background-size: cover !important;}&#8221;][vc_column width=&#8221;5\/6&#8243; offset=&#8221;vc_col-sm-offset-1&#8243;][vc_empty_space alter_height=&#8221;huge&#8221; hide_on_mobile=&#8221;&#8221; css=&#8221;.vc_custom_1502618052715{margin-top: 1rem !important;}&#8221;]<div id=\"sc_title_1541855046\"\n\t\tclass=\"sc_title color_style_default scheme_dark sc_title_default\"><h4 class=\"sc_item_title sc_title_title sc_align_center sc_item_title_style_default sc_item_title_tag\">JUNTOS CONSTRUIMOS UM PA\u00cdS MELHOR<\/h4><\/div><!-- \/.sc_title -->[vc_empty_space alter_height=&#8221;huge&#8221; hide_on_mobile=&#8221;&#8221; css=&#8221;.vc_custom_1502618920881{margin-top: 1.25rem !important;}&#8221;][\/vc_column][\/vc_row]<\/p>\n<\/div>","protected":false},"excerpt":{"rendered":"<p>[vc_row][vc_column][vc_empty_space alter_height=&#8221;huge&#8221; hide_on_mobile=&#8221;&#8221; css=&#8221;.vc_custom_1502612032792{margin-top: 1.75rem !important;}&#8221;][vc_empty_space alter_height=&#8221;huge&#8221; hide_on_mobile=&#8221;&#8221;][\/vc_column][\/vc_row][vc_row full_width=&#8221;stretch_row&#8221; css=&#8221;.vc_custom_1760450923521{background-image: url(https:\/\/gravidezprecoce.ao\/wp-content\/uploads\/2025\/10\/Novo-Projeto-scaled.webp?id=1763) !important;background-position: center !important;background-repeat: no-repeat !important;background-size: cover !important;}&#8221;][vc_column width=&#8221;5\/6&#8243; offset=&#8221;vc_col-sm-offset-1&#8243;][vc_empty_space alter_height=&#8221;huge&#8221; hide_on_mobile=&#8221;&#8221; css=&#8221;.vc_custom_1502618052715{margin-top: 1rem !important;}&#8221;][vc_empty_space alter_height=&#8221;huge&#8221; hide_on_mobile=&#8221;&#8221; css=&#8221;.vc_custom_1502618920881{margin-top: 1.25rem !important;}&#8221;][\/vc_column][\/vc_row]<\/p>\n","protected":false},"author":1,"featured_media":1775,"parent":0,"menu_order":0,"comment_status":"closed","ping_status":"closed","template":"","meta":{"footnotes":""},"class_list":["post-273","page","type-page","status-publish","has-post-thumbnail","hentry"],"_links":{"self":[{"href":"https:\/\/gravidezprecoce.ao\/index.php?rest_route=\/wp\/v2\/pages\/273","targetHints":{"allow":["GET"]}}],"collection":[{"href":"https:\/\/gravidezprecoce.ao\/index.php?rest_route=\/wp\/v2\/pages"}],"about":[{"href":"https:\/\/gravidezprecoce.ao\/index.php?rest_route=\/wp\/v2\/types\/page"}],"author":[{"embeddable":true,"href":"https:\/\/gravidezprecoce.ao\/index.php?rest_route=\/wp\/v2\/users\/1"}],"replies":[{"embeddable":true,"href":"https:\/\/gravidezprecoce.ao\/index.php?rest_route=%2Fwp%2Fv2%2Fcomments&post=273"}],"version-history":[{"count":11,"href":"https:\/\/gravidezprecoce.ao\/index.php?rest_route=\/wp\/v2\/pages\/273\/revisions"}],"predecessor-version":[{"id":1764,"href":"https:\/\/gravidezprecoce.ao\/index.php?rest_route=\/wp\/v2\/pages\/273\/revisions\/1764"}],"wp:featuredmedia":[{"embeddable":true,"href":"https:\/\/gravidezprecoce.ao\/index.php?rest_route=\/wp\/v2\/media\/1775"}],"wp:attachment":[{"href":"https:\/\/gravidezprecoce.ao\/index.php?rest_route=%2Fwp%2Fv2%2Fmedia&parent=273"}],"curies":[{"name":"wp","href":"https:\/\/api.w.org\/{rel}","templated":true}]}}