{"id":836,"date":"2019-01-23T16:50:08","date_gmt":"2019-01-23T16:50:08","guid":{"rendered":"https:\/\/gravidezprecoce.ao\/?page_id=836"},"modified":"2025-10-14T15:44:28","modified_gmt":"2025-10-14T15:44:28","slug":"privacy-policy","status":"publish","type":"page","link":"https:\/\/gravidezprecoce.ao\/?page_id=836","title":{"rendered":"Madrinha Provincial"},"content":{"rendered":"<div class=\"wpb-content-wrapper\"><p>[vc_row hide_bg_image_on_tablet=&#8221;&#8221; hide_bg_image_on_mobile=&#8221;&#8221; css=&#8221;.vc_custom_1527690588959{background-color: #f7f8f9 !important;}&#8221;][vc_column icons_position=&#8221;left&#8221;][vc_empty_space height=&#8221;40px&#8221; hide_on_mobile=&#8221;&#8221; hide_on_desktop=&#8221;&#8221; hide_on_notebook=&#8221;&#8221; hide_on_tablet=&#8221;&#8221;][vc_empty_space height=&#8221;30px&#8221; hide_on_mobile=&#8221;1&#8243; hide_on_desktop=&#8221;&#8221; hide_on_notebook=&#8221;&#8221; hide_on_tablet=&#8221;&#8221;]<div id=\"sc_content_1797509036\"\n\t\tclass=\"sc_content color_style_default sc_content_default sc_float_center sc_padding_tiny p70\"><div class=\"sc_content_container\">[vc_column_text css=&#8221;&#8221;]<\/p>\n<h5 style=\"margin-top: 0.5em;\"><strong>A MADRINHA PROVINCIAL<\/strong><\/h5>\n<p style=\"font-weight: 400;\">Esta campanha conta com a lideran\u00e7a da\u00a0Madrinha Provincial, a Esposa do Governador de Benguela, que d\u00e1 visibilidade e legitimidade a esta causa.<\/p>\n<p style=\"font-weight: 400;\"><strong>As suas responsabilidades incluem:<\/strong><\/p>\n<ul>\n<li>Liderar a abertura e o encerramento oficial da campanha;<\/li>\n<li>Coordenar madrinhas e padrinhos municipais em toda a prov\u00edncia;<\/li>\n<li>Representar a campanha em f\u00f3runs nacionais e internacionais;<\/li>\n<li>Participar em ac\u00e7\u00f5es mobilizadoras junto das comunidades;<\/li>\n<li>Ser a voz p\u00fablica na defesa dos direitos das adolescentes.<\/li>\n<\/ul>\n<p style=\"font-weight: 400;\">Gra\u00e7as ao seu compromisso, a campanha ganha for\u00e7a, aproxima-se das fam\u00edlias e inspira toda a sociedade a proteger o futuro das raparigas.<\/p>\n<p>[\/vc_column_text]<\/div><\/div><!-- \/.sc_content -->[vc_empty_space height=&#8221;4em&#8221; hide_on_mobile=&#8221;&#8221; hide_on_desktop=&#8221;&#8221; hide_on_notebook=&#8221;&#8221; hide_on_tablet=&#8221;&#8221;][\/vc_column][\/vc_row][vc_row][vc_column icons_position=&#8221;left&#8221;][vc_empty_space height=&#8221;40px&#8221; hide_on_mobile=&#8221;&#8221; hide_on_desktop=&#8221;&#8221; hide_on_notebook=&#8221;&#8221; hide_on_tablet=&#8221;&#8221;][vc_empty_space height=&#8221;30px&#8221; hide_on_mobile=&#8221;1&#8243; hide_on_desktop=&#8221;&#8221; hide_on_notebook=&#8221;&#8221; hide_on_tablet=&#8221;&#8221;][\/vc_column][\/vc_row][vc_row hide_bg_image_on_tablet=&#8221;&#8221; hide_bg_image_on_mobile=&#8221;&#8221; css=&#8221;.vc_custom_1527690597112{background-color: #f7f8f9 !important;}&#8221;][vc_column icons_position=&#8221;left&#8221;]<div id=\"sc_content_944986656\"\n\t\tclass=\"sc_content color_style_default sc_content_default sc_float_center sc_padding_tiny p70\"><div class=\"sc_content_container\">[vc_column_text css=&#8221;&#8221;]<\/p>\n<h5 style=\"margin-top: 1em;\"><strong>OS PADRINHOS E AS MADRINHAS PROVINCIAIS<\/strong><\/h5>\n<p style=\"font-weight: 400;\">A Campanha conta igualmente com o trabalho din\u00e2mico dos padrinhos\/madrinhas, que s\u00e3o os c\u00f4njuges dos administradores\/as municipais da prov\u00edncia de Benguela:<\/p>\n<p style=\"font-weight: 400;\"><strong>Responsabilidades:<\/strong><\/p>\n<p style=\"font-weight: 400;\"><strong>Liderar as\u00a0 Brigadas Municipais de Interven\u00e7\u00e3o:<\/strong><\/p>\n<ul>\n<li>Forma\u00e7\u00e3o dos t\u00e9cnicos e activistas locais;<\/li>\n<li>Realiza\u00e7\u00e3o de campanhas de rua, rodas de conversa e visitas porta a porta;<\/li>\n<li>Participa\u00e7\u00e3o nas feiras comunit\u00e1rias de sa\u00fade.<\/li>\n<\/ul>\n<p style=\"font-weight: 400;\"><strong>Promover a Educa\u00e7\u00e3o Did\u00e1ctica e Cultural:<\/strong><\/p>\n<ul>\n<li>Cria\u00e7\u00e3o de murais visuais com mensagens em l\u00ednguas locais;<\/li>\n<li>Teatro popular e dramatiza\u00e7\u00f5es com temas sobre gravidez precoce e doen\u00e7as sexualmente transmiss\u00edveis;<\/li>\n<li>Sess\u00f5es did\u00e1cticas em escolas e centros juvenis.<\/li>\n<\/ul>\n<p>[\/vc_column_text]<\/div><\/div><!-- \/.sc_content -->[\/vc_column][\/vc_row]<\/p>\n<\/div>","protected":false},"excerpt":{"rendered":"<p>[vc_row hide_bg_image_on_tablet=&#8221;&#8221; hide_bg_image_on_mobile=&#8221;&#8221; css=&#8221;.vc_custom_1527690588959{background-color: #f7f8f9 !important;}&#8221;][vc_column icons_position=&#8221;left&#8221;][vc_empty_space height=&#8221;40px&#8221; hide_on_mobile=&#8221;&#8221; hide_on_desktop=&#8221;&#8221; hide_on_notebook=&#8221;&#8221; hide_on_tablet=&#8221;&#8221;][vc_empty_space height=&#8221;30px&#8221; hide_on_mobile=&#8221;1&#8243; hide_on_desktop=&#8221;&#8221; hide_on_notebook=&#8221;&#8221; hide_on_tablet=&#8221;&#8221;][vc_empty_space height=&#8221;4em&#8221; hide_on_mobile=&#8221;&#8221; hide_on_desktop=&#8221;&#8221; hide_on_notebook=&#8221;&#8221; hide_on_tablet=&#8221;&#8221;][\/vc_column][\/vc_row][vc_row][vc_column icons_position=&#8221;left&#8221;][vc_empty_space height=&#8221;40px&#8221; hide_on_mobile=&#8221;&#8221; hide_on_desktop=&#8221;&#8221; hide_on_notebook=&#8221;&#8221; hide_on_tablet=&#8221;&#8221;][vc_empty_space height=&#8221;30px&#8221; hide_on_mobile=&#8221;1&#8243; hide_on_desktop=&#8221;&#8221; hide_on_notebook=&#8221;&#8221; hide_on_tablet=&#8221;&#8221;][\/vc_column][\/vc_row][vc_row hide_bg_image_on_tablet=&#8221;&#8221; hide_bg_image_on_mobile=&#8221;&#8221; css=&#8221;.vc_custom_1527690597112{background-color: #f7f8f9 !important;}&#8221;][vc_column icons_position=&#8221;left&#8221;][\/vc_column][\/vc_row]<\/p>\n","protected":false},"author":1,"featured_media":1770,"parent":0,"menu_order":0,"comment_status":"closed","ping_status":"closed","template":"","meta":{"footnotes":""},"class_list":["post-836","page","type-page","status-publish","has-post-thumbnail","hentry"],"_links":{"self":[{"href":"https:\/\/gravidezprecoce.ao\/index.php?rest_route=\/wp\/v2\/pages\/836","targetHints":{"allow":["GET"]}}],"collection":[{"href":"https:\/\/gravidezprecoce.ao\/index.php?rest_route=\/wp\/v2\/pages"}],"about":[{"href":"https:\/\/gravidezprecoce.ao\/index.php?rest_route=\/wp\/v2\/types\/page"}],"author":[{"embeddable":true,"href":"https:\/\/gravidezprecoce.ao\/index.php?rest_route=\/wp\/v2\/users\/1"}],"replies":[{"embeddable":true,"href":"https:\/\/gravidezprecoce.ao\/index.php?rest_route=%2Fwp%2Fv2%2Fcomments&post=836"}],"version-history":[{"count":4,"href":"https:\/\/gravidezprecoce.ao\/index.php?rest_route=\/wp\/v2\/pages\/836\/revisions"}],"predecessor-version":[{"id":1776,"href":"https:\/\/gravidezprecoce.ao\/index.php?rest_route=\/wp\/v2\/pages\/836\/revisions\/1776"}],"wp:featuredmedia":[{"embeddable":true,"href":"https:\/\/gravidezprecoce.ao\/index.php?rest_route=\/wp\/v2\/media\/1770"}],"wp:attachment":[{"href":"https:\/\/gravidezprecoce.ao\/index.php?rest_route=%2Fwp%2Fv2%2Fmedia&parent=836"}],"curies":[{"name":"wp","href":"https:\/\/api.w.org\/{rel}","templated":true}]}}